b) = 7 - 23 + 9 + 4 - 13*b. Calculate d(-2).
23
Let t(x) be the first derivative of x**4/12 + 5*x**3/3 + 13*x**2/2 - 43*x - 106. Let l(j) be the first derivative of t(j). What is l(-8)?
-3
Suppose 0 = 12*a - 41 - 31. Let n(x) be the third derivative of -x**6/120 + 7*x**5/60 - 7*x**4/24 - x**3/3 + 8*x**2. Give n(a).
-8
Let d = 4153 + -4132. Let t(r) = -5*r**2 + 104*r + 24. What is t(d)?
3
Let n(x) be the third derivative of x**4/24 - 7*x**3 - 3801*x**2. Calculate n(26).
-16
Let d be (0/(-5))/(255/51). Let i(x) = -x**3 + x**2 + 5*x + 29. Give i(d).
29
Suppose 20*m - 57*m - 372 = -2. Let w(z) = -2*z + 8. What is w(m)?
28
Let f be (1 - 3)*(-6)/4. Suppose 0 = -f*d - 342 + 1116. Let z(u) = d*u + 4 - 260*u + 4. Calculate z(7).
-6
Suppose 5*o + y - 23 = 0, -2*y + 6 = 3*o - 12. Let n(d) = d**2 - d + 8. Determine n(o).
20
Let u(y) = y**3 - 12*y**2 + 15*y - 9. Let q(n) = -n**2 + 2*n. Suppose a = -3, -2*a - 2 = 2*t + 10. Let v(c) = t*q(c) + u(c). Give v(8).
-1
Suppose -415*b - 1653 = -328*b. Let k(u) = 25*u + 479. Determine k(b).
4
Let n(t) = 49*t**2 + 24*t - 18. Let s(o) = 45*o**2 + 22*o - 17. Let u(c) = -11*n(c) + 12*s(c). Determine u(-2).
-2
Let z(c) = c**2 - 7*c + 1. Let o be z(6). Let k(q) = -3 + 5 - 2 + 3. Let u(n) = -n - 5. Let v(j) = -3*k(j) - 2*u(j). What is v(o)?
-9
Let q(g) = 9*g**3 - g**2 + 13*g - 12. Suppose -19 = -3*o - 16. What is q(o)?
9
Let b(l) = -2*l**2 + 2. Let r(g) = 29*g - 5. Let t be r(1). Suppose -11*y - y = -t. Determine b(y).
-6
Let d(f) = 35*f + 67. Let w(a) = 8*a - 1. Let o(g) = -d(g) + 4*w(g). Give o(-21).
-8
Let y(q) = -q**3 + 3 + 12*q - 7 - 9 - 15 + 8*q**2 + 1. Let v be y(9). Let k(b) = -b**3 + b**2 + b - 10. Determine k(v).
-10
Let a(j) = -26 + 15 - 4*j + 14. Calculate a(1).
-1
Let m(z) = -7*z. Let a(g) = -32*g + 21. Let c(x) = a(x) - 3*m(x). What is c(1)?
10
Suppose -4*k = 11 + 37. Let s be 2/(-8)*k/3. Let r(m) be the third derivative of -7*m**5/60 + m**4/24 - m**3/6 - 5*m**2 - 3. What is r(s)?
-7
Let r(f) = -f**3 - 2*f**2 - f. Let b be r(-1). Let m(h) = 4 + 0 - 5*h + h**2 + b*h + 2. Let t(s) = -s**3 - 9*s**2 - 9*s - 2. Let v be t(-8). Determine m(v).
12
Let o(h) = -h - 20. Let w(q) = -57*q**2 + 290*q - 12. Let b be w(5). Give o(b).
-33
Suppose 3 = -x + 5. Let p(s) be the third derivative of -s**6/120 - s**5/60 + s**4/12 + s**2 + 38*s - 36. Calculate p(x).
-8
Let s(j) = -j**3 + 3*j**2 - 7*j + 18. Let k = 4579 + -4576. Give s(k).
-3
Let b(y) = 3*y + 16. Let o(u) = -9*u - 47. Let q(j) = 8*b(j) + 3*o(j). Let h = 18981 + -18992. What is q(h)?
20
Let q(x) be the second derivative of -x**4/12 + 2*x**3/3 + 12*x**2 + 14*x - 60. Determine q(-4).
-8
Let o(j) = 2*j**2 - 7*j**2 + 6*j**2 - 124*j + 100*j + 5 + 6*j**2. What is o(3)?
-4
Let m(w) = -w**3 - 2*w**2 + 9*w + 7. Suppose 5*g = -11*n - 75, 15*g - 11*g = 3*n - 1. Calculate m(g).
3
Let s(p) = 9*p + 65. Let t = 2189 - 2197. What is s(t)?
-7
Let y(q) be the third derivative of -q**4/12 + 4*q**3/3 - q**2. Let b be y(6). Let i(s) = 154 - s**3 + 2*s**3 - 22*s**2 + 0*s + 27*s**2 + 6*s - 149. Give i(b).
-3
Suppose -49 = -5*z + 51. Let f(l) = 3 - l**2 - l + 2*l + 9*l - z + 8. Determine f(8).
7
Suppose 17*l = 32*l - 30. Let f(d) = -d**l - 9 - 8 + 9*d - 3 + 19. Determine f(9).
-1
Let q(n) be the first derivative of 2*n**2 - 6*n + 8. Let p(t) = t. Let o(s) = -3*p(s) + q(s). Give o(5).
-1
Let g(h) = -7*h + 1. Let y(n) = 15*n - 2. Let l(p) = -13*g(p) - 6*y(p). Suppose -r = 11*z - 12*z, 0 = 3*z. Calculate l(r).
-1
Let o = 5 - 2. Let p be o + -6 - (-4 + -1). Suppose p*s = 3*u - 18, 2*u = s + s + 10. Let i(t) = t**2 - 9*t + 5. Calculate i(u).
-3
Let f(k) be the third derivative of 23*k**4/24 - k**3/6 - k**2 + 25*k + 5. Let s(i) = -i**2 + i + 1. Let n be s(1). What is f(n)?
22
Let k = 94 + -63. Let y(c) = k - 7*c + 26 - 63 + c**2 - 2*c**2. Determine y(-7).
-6
Let f be 6 + 3*532/12. Suppose -138*l = -f*l + 4. Let y(b) = b**3 - 6*b**2 + 2*b - 2. Calculate y(l).
-26
Let o(a) be the third derivative of 7*a**4/24 + 2*a**2. Let h = 329 - 308. Suppose 31*f + 10 = -h. Calculate o(f).
-7
Let b(o) = 6*o - 35*o**3 - 1 - 57*o**3 - 59*o**3 + 6*o**2 + 149*o**3. Determine b(3).
17
Let g(a) = 5*a - 69. Suppose 3*o + 66 - 114 = 0. Let d be g(o). Let i(w) = w + 3. Determine i(d).
14
Let a be (5/3 - 2)*-3. Suppose 11 = 5*d + 4*q, 5*d - 17 = 2*q - 0. Let k(f) = 2*f - 3*f + 0*f**3 + 12*f**3 + 1 - 5*f**d. Calculate k(a).
7
Let u(o) = 1. Let j(q) = -5*q + 5. Let z(m) = -2*j(m) + 6*u(m). Give z(0).
-4
Suppose 0 = -4*n - 10 + 18. Let r(t) = -21*t**2 - 5*t - 19*t**n + t**3 - 12*t**2 - 19*t**2 + 6 + 76*t**2. What is r(-6)?
0
Let x = -824 - -832. Suppose d = -4*q - 3 - 17, 0 = q + d + x. Let y(g) = 3*g**2 + 5*g - 4. What is y(q)?
24
Let b(u) be the first derivative of 1/2*u**2 - 3*u + 1/4*u**4 - 1 - 4/3*u**3. Let z be b(4). Let l(n) = 4*n. Determine l(z).
4
Let w(g) be the second derivative of g**3/6 + 10*g**2 - 45*g + 24. Determine w(-7).
13
Let h(z) be the first derivative of -14*z**3/3 - 5*z**2/2 + 2297. Calculate h(1).
-19
Let d(t) = 0*t + 141 + 149 - 4*t - 256. Determine d(11).
-10
Let r be 45/(-24 - -9)*((-32)/(-12) + -2). Let j(g) be the first derivative of -g**4/2 - 2*g**3/3 - g**2 + g + 2. Determine j(r).
13
Let f(m) = 2 + m**3 - 7 - 5*m**2 + 7*m + 0*m. Suppose -3*t = 49*r - 47*r, 0 = 3*t - 4*r - 36. What is f(t)?
7
Let g(c) = 2*c**2 - 74*c + 77. Let j be g(36). Let y(h) = 3 + 224*h**2 + 6*h - 223*h**2 - j*h. Give y(6).
45
Let u be 45/7 + -1 - (-88)/154. Let t(s) = u + 3*s + 6 - 22. What is t(9)?
17
Let b = -29 + 26. Let t(a) be the first derivative of a**6/360 + a**5/20 - a**4/12 - 4*a**3/3 + 9. Let k(y) be the third derivative of t(y). Determine k(b).
-11
Let b(c) = -c**2 + 8*c + 6. Suppose -d + 177 = -5*k, 4*k - 60 = 6*k - 4*d. Let m be (-1)/(4 - (-148)/k). What is b(m)?
-3
Let s(y) = -44*y + 5. Let h(w) = 30*w - 1. Let i(x) = -2*h(x) - s(x). What is i(2)?
-35
Let m = 1241 - 1252. Let f(b) = b**2 + 6*b - 41. What is f(m)?
14
Suppose 16*d = 6*d + 10. Let v be ((-4)/5)/(-3*d/(-15)). Let g(n) = -n**3 - 4*n**2 + 2*n - 1. Determine g(v).
-9
Let b be ((-3)/(-9))/(525/7875). Let s(v) be the second derivative of 7*v**3/6 - v**2/2 + 3*v. Calculate s(b).
34
Suppose -8 + 6 = -w. Let y(h) = 9*h - 808 - h**w - 800 + 1606. Give y(9).
-2
Suppose 91 + 105 = -28*c. Let x(z) = 4*z + 32. What is x(c)?
4
Let p(y) = 5*y - 5. Let r(t) = t**3 - 5*t**2 - 7*t + 7. Let d be r(6). Let l(k) = k - 1. Let u = -67 + 64. Let o(h) = d*p(h) + u*l(h). Give o(3).
4
Let n(o) be the second derivative of o**4/12 - 4*o**3/3 - o**2/2 + o. Suppose 2*i + 2*i + 2*j - 266 = 0, -5*j = -4*i + 245. Suppose 12 + i = 11*z. Give n(z).
-8
Suppose -5*q = -7*i + 5*i + 547, 5*q + 4*i + 541 = 0. Let u = q + 108. Let y(x) = 21*x + 7. Let p(j) = 11*j + 4. Let w(k) = -5*p(k) + 3*y(k). Give w(u).
-7
Let y(c) = -25*c**3 - 10*c**2 - 31*c - 64. Let g(a) = 7*a**3 + 4*a**2 + 10*a + 18. Let b(n) = 7*g(n) + 2*y(n). Let s(z) = 3*z - 9. Let u be s(6). Give b(u).
-11
Let y(p) be the second derivative of 5*p**3/6 + 33*p**2 - 1311*p. Give y(-13).
1
Let x(w) be the third derivative of -1/6*w**3 + 0*w - 1/8*w**4 + w**2 - 64. Calculate x(5).
-16
Let t(l) = -l - 4. Suppose -75 = 3*u - 0*u. Let j = -9 - u. Suppose 0 = -10*n + 6*n + j. Calculate t(n).
-8
Let o(i) = 5*i - 56*i**2 - 3 + 3 + 55*i**2. Let b be o(-5). Let k be (12/10)/((-10)/b). Let q(n) = -n**2 + 5*n - 1. Determine q(k).
-7
Let x(p) be the second derivative of 13*p + 1/60*p**6 + 0*p**3 + 0*p**5 + 0 + 0*p**2 - 43/12*p**4. Let m(s) be the third derivative of x(s). Calculate m(1).
12
Let q(r) be the first derivative of 1/2*r**2 - 5*r - 6. Determine q(4).
-1
Let h = -240 - -276. Suppose 25*r - h = -161. Let y(q) = 3*q + 12. Give y(r).
-3
Let i be (-3 - -1 - 0) + 5. Suppose -i*z = -0*z - 237. Let k = z - 86. Let s(n) = n + 9. What is s(k)?
2
Let u(k) = -2*k**2 - k + 21. Suppose -22*h + 61*h = 0. Determine u(h).
21
Let k(j) = j**3 + 4*j**2 - 7*j - 8. Let h be k(-5). Let s(v) = 9*v**3 - v**2 + 3*v + 1. Let u(o) = 6*o**3 + 2*o**2 + o. Let b(r) = s(r) - u(r). Give b(h).
17
Let d(g) = -g**3 + g**2 - 6*g + 10. Suppose 113*o - 111*o + 5*t - 48 = 0, 5*t = -4*o + 56. Give d(o).
-62
Let n(g) = -1165*g**3 - 1 + 584*g**3 - 5*g**2 + 33*g + 582*g**3 - 50*g. What is n(7)?
-22
Let h(u) = -2*u**3 - 21*u**2 + 5*u + 13. Let k be h(-11). Let l(q) 